 = -u, -10 = -5*m. Let v = u + -16. List the prime factors of v.
61
Let b = -36 - -86. Let t(j) = b*j + 12 - 10 - 30*j. List the prime factors of t(1).
2, 11
Suppose -g = 2, 10*q + 2*g + 817 = 11*q. Let z = q - 554. List the prime factors of z.
7, 37
Let w = 13 + -13. Suppose -5*o + 10 = w, k + 4*o - 157 = 5*o. What are the prime factors of k?
3, 53
Suppose -26*r - 3093 = -26753. List the prime factors of r/4 - (-1)/(-2).
227
What are the prime factors of 28034/(-13 + 3 + 12)?
107, 131
Suppose 9*b + 320 = 4*b. Let j be (-10)/(-15) + ((-136)/(-3) - 2). Let r = j - b. List the prime factors of r.
2, 3
Let k(t) = 27991*t**2 + 487*t - 488. List the prime factors of k(1).
2, 3, 5, 311
Suppose 8*p - 1323 + 1368 = 11613. What are the prime factors of p?
2, 3, 241
Let g(u) = -u**2 + 34*u + 259. Let r be g(41). Let z(b) = b**2 - 6*b. Let m be z(6). List the prime factors of m + (-2172)/(-15) - r/(-35).
2, 3
Suppose -3*f + 4*f - 5*x - 1064 = 0, -1058 = -f + 3*x. Suppose 5*w - f = -139. Suppose -146 = -4*c + w. What are the prime factors of c?
2, 41
What are the prime factors of 5115/((-7)/(-6) - (-46)/(-276))?
3, 5, 11, 31
Suppose 4*r + 4*z - 24 = 0, 17*r = 16*r - 4*z - 9. List the prime factors of r.
11
Let i(a) = -258*a + 32. Let r(c) = c**2 + 5*c - 37. Let v be r(4). List the prime factors of i(v).
2, 5, 29
Suppose 4*s - y = -5*y + 912, 4*y = -3*s + 682. Suppose -s*f + 572 = -229*f. What are the prime factors of f?
2, 11, 13
List the prime factors of (-3426622)/(-102) - -26 - (-4)/(-3).
33619
Suppose -15*m - 146 = -17*m. Let n be 1 + (2 - -5*(3 + -14)). Let j = m + n. List the prime factors of j.
3, 7
Let v = -6 + 9. Let q(a) = -131 + 70 - 3*a + 67 + 7*a + 27*a. List the prime factors of q(v).
3, 11
Let v be (-6)/(-4) + (-3)/42*-5747. Let j = v - -833. What are the prime factors of j?
3, 5, 83
Let i(m) = 17*m**2 + 20*m + 426. What are the prime factors of i(-15)?
3, 439
Let t be 2/8 + (-15)/(-20). Let h = t - -15. What are the prime factors of 296/h - 2/(-4)?
19
Let o(j) = -13*j - 39. Let f be (18/15)/(4/10). Suppose -2*q + 6 = -f*q. What are the prime factors of o(q)?
3, 13
Suppose 0 = -f + 39 + 42. Suppose -f*d = -78*d - 72. What are the prime factors of d?
2, 3
Let g be (-2 + (-96)/15)*35/14. Suppose 4*z - 30 = 26. What are the prime factors of ((-12)/g)/2 - (-248)/z?
2, 3
What are the prime factors of (5 - -3) + 27027/3?
71, 127
Let j = 7219 - 4894. Suppose -18*s + 15*s = -j. What are the prime factors of s?
5, 31
Suppose -52064 = -6*q - 19334. What are the prime factors of q?
5, 1091
Let m(t) = -t**2 + 159. Suppose -2*i + 3 = n - 3, 0 = -3*i + 9. Let a be m(n). Let w = a + -46. What are the prime factors of w?
113
Suppose -3*v + 2*l = 15, -3*l + 9 = -v - 3. List the prime factors of (-8580)/(-21) - (v - 54/(-21)).
409
Let w = -357 + 359. Suppose u = m - 0*u - 241, w*m + 2*u = 466. List the prime factors of m.
3, 79
Let p(h) = 17 - 3*h + 2*h - 5. Suppose 391*f - 385*f + 54 = 0. What are the prime factors of p(f)?
3, 7
Suppose 17*v + 3*p - 13617 = 13*v, 5*v = -5*p + 17020. List the prime factors of v.
3, 5, 227
Let a be 16*(1 - (-21)/(-12)). Let u = 11 + a. List the prime factors of ((-16)/u)/4 + 52.
2, 7
Let y be (-2 - (-777)/(-6))*44/1. What are the prime factors of y/(-16) + (-51)/(-136)?
2, 181
Let h(o) = o**2 + 12*o - 30. Let i = 41 - 37. Let r be (1 + i/8)/(4/(-48)). What are the prime factors of h(r)?
2, 3, 13
Let k(o) = -14*o**3 + 6*o**2 - o + 9. Let w be k(3). What are the prime factors of w/(-4)*((-111)/(-9) + -5)?
11, 53
Suppose -35*c + 46408 = -27*c. List the prime factors of c.
5801
Suppose 2512*t = 2505*t + 63840. List the prime factors of t.
2, 3, 5, 19
Let i(l) = 2*l - 7. Let s be i(5). Let g be (-10 + 5)*((-344)/20)/2. Suppose -s*p + 212 + g = 0. What are the prime factors of p?
5, 17
Suppose 18 = 2*w + 2*n, 0 = -5*n + 16 + 4. Suppose 3*r = s + 1139, 3*r + s + 759 = w*r. List the prime factors of r.
2, 5, 19
Let t = 9 + -7. Suppose 2*z - 3*c = 31 - 2, t*z - 2*c = 34. Suppose -23*u + 133 = -z*u. List the prime factors of u.
7, 19
Let a = -4948 - -11457. List the prime factors of a.
23, 283
Let w(a) = a + 60. Let c be w(-23). Suppose -5*t + c = 2*o - 15, 3*t - 33 = -3*o. List the prime factors of t.
2, 5
Let x be -7 - ((-604)/4 - -1). Let z = x + -126. List the prime factors of z.
17
Let h be (-1154)/(-3) - (-2)/6. Suppose -f - 3*f + h = 5*x, x = -f + 97. Suppose -k + f - 34 = 0. What are the prime factors of k?
2, 3, 11
Let u be (3*72)/6 - -2. Let a = 103 - 66. Let v = u + a. What are the prime factors of v?
3, 5
Let s = -296 + 304. Let p = 272 + s. List the prime factors of p.
2, 5, 7
Suppose -4*k = -f - 2*f - 307, 96 = -f - 5*k. Suppose -2907 = 60*c - 77*c. Let v = c + f. What are the prime factors of v?
2, 5, 7
Let n(v) = v**3 + 11*v**2 - 2*v + 11. Let u be n(-11). Suppose 18 = -2*d + m + m, 5*m = 2*d + u. List the prime factors of (2/(-4))/(d/392).
7
Suppose -m = 64*b - 65*b + 74408, 5*m = 3*b - 223222. What are the prime factors of b?
3, 17, 1459
Suppose 3*m - 3*n - 455 - 10378 = 0, m - 3607 = -3*n. Suppose 3*r = -5*b + 2206, -3*b = -5*r + 2*b + m. What are the prime factors of r?
727
Let o(q) = -q**3 - 5*q**2 + 47*q - 22. Let j be o(-10). Let h(l) = 47*l + 202. List the prime factors of h(j).
2, 17
Suppose 5*k - 5*c = 64436 + 8619, 3*c = 0. List the prime factors of k.
19, 769
Let d = -7 + 1. Let y(c) = 23*c - 25. Let f(t) = 23*t - 26. Let m(p) = d*y(p) + 5*f(p). What are the prime factors of m(-8)?
2, 3, 17
Let s be ((-30)/(-12))/(2/168). Suppose 3*b + b + 3*x - s = 0, -b + 64 = -5*x. What are the prime factors of b?
2, 3
Let s = -2594 - -6839. What are the prime factors of s?
3, 5, 283
Let q(i) = -13*i + 36. Suppose 16*p = 21*p + 105. What are the prime factors of q(p)?
3, 103
Let w(o) = o**3 + 53*o**2 - 253*o - 2. List the prime factors of w(-57).
1423
Suppose 5*r - n = 1525, -472*r - 4*n - 1220 = -476*r. What are the prime factors of r?
5, 61
Suppose -15*x - 59585 + 399740 = 0. List the prime factors of x.
3, 7559
Suppose 11*j - 9*j + 3*c - 3988 = 0, -3*j - 4*c + 5984 = 0. Let i = j - 1058. What are the prime factors of i?
2, 3, 157
Let b be 438/8*(-448)/(-24). Suppose 5*x = b + 423. List the prime factors of x.
17
Suppose -3*d = -3*t - 8 + 35, -t - 15 = 2*d. What are the prime factors of d/2 - (-3 + -359 + -2)?
2, 3, 5
Let c = 11 - 26. Let d(l) = -3*l + 2. Let u be d(-7). Let v = u + c. What are the prime factors of v?
2
Let v(x) = -x**3 - 15*x**2 - 13*x + 16. Let t be v(-14). Suppose -6*r + t - 74 = 0. What are the prime factors of (-36)/r - 14/(-4)*14?
2, 13
Suppose -9*y - 130 = 17*y. Let d(l) = 14*l**2 - l - 18. List the prime factors of d(y).
337
Let c(h) = -h**3 - h**2 - 13*h + 23033. List the prime factors of c(0).
31, 743
Let v = 40336 - 22276. What are the prime factors of v?
2, 3, 5, 7, 43
Let u(i) = -38*i - 7. Let k be u(-24). Suppose -3*p = -6*p + 4*o + k, -4*o = 2*p - 610. Let g = -82 + p. List the prime factors of g.
13, 17
Let j = 29420 - 5155. List the prime factors of j.
5, 23, 211
Let v be 67 + -4 + 7 - 7. Let o = 198 + -103. Let i = o - v. List the prime factors of i.
2
Let c(d) = -276*d**2 - 20*d - 28. Let l be c(-2). Let y = l + 1660. List the prime factors of y.
2, 71
Let v(c) = -97*c - 257. Let r be v(-10). Let y = r - 619. What are the prime factors of y?
2, 47
Let h(w) = 87*w**2 - 105*w - 404. List the prime factors of h(-4).
2, 11
Suppose 115*d - 13926 = 102392 + 1275297. List the prime factors of d.
12101
Suppose 5*h + 405 = 3*b, -3*b + 0*h - 3*h + 429 = 0. List the prime factors of -141*(b/(-15) - -7).
7, 47
Suppose 2*i - 718 = -4*a, -11*i - 5*a + 1448 = -7*i. Let r = 454 - i. List the prime factors of r.
3, 29
Suppose -5*d = -2*k - 8, 0*d = 5*d - k - 9. Suppose d*v + 2*m = 8, 3*v - v + 4*m - 10 = 0. Suppose 3 = v*q - 6, 0 = -g - 5*q + 51. List the prime factors of g.
2, 3
Let q = -38 + 43. Suppose 8 = -2*y - 4*u, -q*y - 2*u = -3*y + 4. Suppose y = -0*s + 6*s - 960. What are the prime factors of s?
2, 5
Suppose 0 = p - 3*o + 469, 0*p + 2*p + 965 = -3*o. Let g = -241 - p. List the prime factors of g.
3, 79
List the prime factors of 12/14 + 61748693/1267.
13, 23, 163
Suppose -514*r + 255*r + 101944 = -251*r. List the prime factors of r.
12743
Suppose 0 = -7*r + r + 53 + 19. List the prime fa